e?
False
Let s = 7 + 6. Suppose -s*q + 155 = -12*q. Is q prime?
False
Let j be (-3 + 0)/(6/(-40)). Is 6983/11 + j/110 a prime number?
False
Let a = -280 + 2333. Is a a prime number?
True
Let w(n) be the first derivative of -n**2/2 + 21*n + 13. Is w(7) composite?
True
Let k be (14/2)/((-1)/(-59)). Suppose -z + 401 = f, z + 4*f + f - k = 0. Is z composite?
True
Suppose -2*t = 3*k - 17155, -t - 22866 = -3*k - k. Suppose 1846 + k = 3*v. Is v a prime number?
True
Let f be 18/4 + (-4)/(-8). Suppose 4*g + 1233 = f*z, 2*z - 5*g = -0*g + 483. Is z prime?
False
Suppose -2*r + 2*k = -1092, -4*r = -r - 2*k - 1639. Suppose -7*a + r = -6*a. Is a a prime number?
True
Is 12/8*(-9832)/(-36)*39 a composite number?
True
Let g = 4735 - 2293. Suppose 3*u - g = -3*u. Is u a composite number?
True
Is (1786/(-8))/((-10)/40) a composite number?
True
Suppose -10*q + 21 = -7*q. Suppose q*z - 754 = 541. Is z a prime number?
False
Let c = 6046 - 15165. Let i = -5482 - c. Is i prime?
True
Let y be 4/8 + (-15)/(-6). Suppose y*p + 614 = 5*p. Is p composite?
False
Is (6/(-9))/(22/(-417021)) a composite number?
False
Let x be (26/(-4) - -6)*(1 - 7). Suppose -5*w = -9 - 11. Suppose -4*a + 2*k = -2704, -w*a = x*k - 2*k - 2710. Is a prime?
True
Suppose -2 = -4*t - 6. Is (-1 + -2 - (-1296 - 1)) + t a prime number?
False
Let z = -29 + 38. Suppose -p - 2 = -z. Is p a composite number?
False
Suppose 13*u - 43*u = -78270. Is u a composite number?
False
Let v(s) be the second derivative of s**5/20 - 5*s**4/12 + s**3 - 3*s**2 + 2*s. Suppose 0*f + 11 = -m - 3*f, 5*m + 4*f = 0. Is v(m) a prime number?
True
Let k(c) = -170*c**2 - c - 2. Let i(s) = 170*s**2 + 2*s + 2. Let v(w) = -2*i(w) - 3*k(w). Suppose -4*n = n - 4*j + 31, 5*n - 1 = -4*j. Is v(n) prime?
False
Let w(t) = 14*t**3 + 5*t**2 - 11*t - 11. Let y be w(-5). Is 1/(1/y*-3) a composite number?
True
Let b(z) = -2*z**2 + z + 3. Let o be b(2). Let m(s) = -19*s**3 - s**2 + 6*s + 1. Is m(o) prime?
True
Let v(x) = 301*x**2 + 4*x - 6. Is v(-5) a prime number?
True
Let c(y) = 536*y**3 - 2*y**2 + 2*y - 1. Is c(1) prime?
False
Let o(k) = -11*k**3 - 9*k**2 - 4*k - 2. Let w be o(-6). Suppose -7*n + w + 2679 = 0. Is n prime?
False
Suppose 6*k - 24823 - 94019 = 0. Is k a prime number?
False
Let s(c) = 2038*c**2 - 6*c - 5. Is s(3) a composite number?
True
Let i(l) = 52*l**2 + 2*l. Let m be i(-2). Suppose -m = -2*c + 218. Is c a composite number?
False
Suppose 5*u = -k + 22022, 2*u = -0*k + 2*k - 44104. Is k a composite number?
True
Suppose 0 = -27*o + 24*o - 564. Let t = o + 1549. Is t prime?
True
Let t be -24 - ((10 - 3) + -3). Let x = t + 161. Is x a composite number?
True
Suppose 4*l - 6392 - 3512 = 0. Let i = l - 1313. Is i composite?
False
Let j(z) = -2*z - 17. Let d be j(-6). Is ((-10)/2 + (-20)/d)*-1459 composite?
False
Let m be 1/((-1)/(-36)) + 2. Is (-46)/(-4)*((-8 - -4) + m) prime?
False
Let x(u) = u**2 + 7*u - 4. Let r be x(-8). Suppose 0 = r*k - 991 - 373. Is k composite?
True
Let t be ((-32)/(-2))/(-4) + 61. Let u = 61 + t. Is u prime?
False
Suppose 2*q + 2*x - 5 - 11 = 0, q = -4*x - 4. Suppose 0 = -q*u + 7*u + 2355. Is u a composite number?
True
Suppose 2*z - 5*q + 10 = -2*z, z = -5*q + 10. Suppose -i + 5*i - 12 = z. Is (951/6)/(i/6) a prime number?
True
Let n = -163 + 255. Suppose 2*k + 8 + 106 = 0. Let g = n + k. Is g composite?
True
Suppose 0 = 5*m - 2*k - 152 + 768, -354 = 3*m + 4*k. Is (-2 + 1)*m - 1 composite?
True
Let z(t) = 9*t**2 + 4. Let w(k) = -k**2 - 1. Suppose 5*h - 3 = -3*o, -h + 3*o - o + 11 = 0. Let a(d) = h*w(d) + z(d). Is a(1) a prime number?
True
Suppose 0 = 4*i - 1830 - 4342. Is i composite?
False
Suppose -2015 + 11649 = 2*s. Suppose 7*p = s + 1056. Is p composite?
False
Let f(p) = -273*p + 2. Let q be f(-1). Suppose -3*z + 853 = i - 6*i, 4*i = z - q. Is z composite?
True
Let g(u) = -48*u - 23. Is g(-11) a prime number?
False
Suppose 9*y - 8*y = 3*m + 1850, -4*m + 5537 = 3*y. Is y composite?
False
Suppose -12632 = -4*y + 1908. Is y composite?
True
Let h(r) = r**2 + r - 8. Let a be h(-4). Suppose 2*o + 565 = a*g + g, 565 = 5*g + 5*o. Is g prime?
True
Let h(v) = 3*v + 5. Suppose -12 = -6*m + 3*m. Let s be h(m). Let z = 23 - s. Is z prime?
False
Let a be ((-410)/3)/((-2)/(-12)). Suppose -6*i = i - 8519. Let b = i + a. Is b prime?
True
Let k = -121 + 124. Suppose 3*n - 10 = -2*n, 0 = -3*z + k*n + 5073. Is z composite?
False
Let i(q) be the second derivative of -q**3/6 + 3*q**2 + 3*q. Let t be i(9). Is ((-132)/(-8))/t*-2 a composite number?
False
Suppose 4*z + 6261 - 25157 = -4*k, 4*k = -3*z + 18893. Is k a prime number?
True
Suppose -15*n = -13*n - 66. Let d = -209 - n. Is 1 - d*(-2 - -4) composite?
True
Let d be (-1)/(-1 + (-15102)/(-15096)). Let m be 10*(-1 + 883/2). Let g = d + m. Is g composite?
False
Let s = -38816 - -58477. Is s a prime number?
True
Suppose 97*n + 10270 = 107*n. Is n prime?
False
Let y = 465 + -732. Let f = 106 + y. Let q = f - -246. Is q prime?
False
Suppose -4 + 1 = -f. Suppose -m = 4*u - 6385, f*m - 5578 = u + 13590. Is m composite?
False
Let z(y) = -7*y**3 + 7*y**2 + 2*y - 11. Suppose -3 - 11 = 5*u - 2*d, -5 = 5*u - 5*d. Is z(u) a prime number?
True
Let t(o) = 26*o**2 - 7*o - 7 + 1 + 8*o**2 - 16*o**2. Is t(-5) a prime number?
True
Let g = -1054 + 1961. Is g a composite number?
False
Let z(o) = 35*o**3 - 9*o + 19. Let q be z(4). Suppose -c - a - 3*a = -561, 4*c - q = 5*a. Is c composite?
False
Suppose 0 = -4*b + 5*o + 20099, 6*b + 5027 = 7*b - 2*o. Is b prime?
True
Let n be 4/2 + -2 - 42. Suppose 2*b - 186 = 4*h, 4*h - 181 = -2*b + 3*h. Let f = n + b. Is f composite?
True
Suppose -3*z - 2946 = -3*l, -z - 4*z - 4950 = 5*l. Let m = z - -1722. Suppose -5*v = x + 2*x - m, 4*v = 3*x + 605. Is v prime?
True
Let g(a) = -a**3 + 2*a + 11241. Let p be g(0). Suppose 4*n - p = -5*n. Is n prime?
True
Suppose -4*c = 0, -2*f + 2*c = -5 - 5. Let j(n) = -f*n - 142*n**3 - 4*n + 10*n. Is j(-1) a composite number?
True
Let y = 2772 - 529. Is y a prime number?
True
Suppose -634208 = 8*j - 15*j - 5*f, 452980 = 5*j - 5*f. Is j prime?
True
Suppose 5*q - 6 = w + 12, 0 = -2*q + 8. Suppose 4*f = 4*v - 3*v - 262, v - 254 = w*f. Let r = v - 87. Is r a composite number?
True
Is (15/(-15))/((-1)/10007) composite?
False
Let i = 323 - -11360. Is i a prime number?
False
Let l = -7690 + 12357. Is l a composite number?
True
Let w(h) = h**3 + 6*h**2 - 6*h - 5. Let k be w(-5). Suppose -b + 42 = -k. Suppose 2*f - b = -2*f. Is f composite?
False
Suppose 34*a - 39309 = 31*a - 3*l, 3*a = 2*l + 39309. Is a composite?
False
Suppose 0 = 2*g + 3*g + 5*m, 15 = 4*g - m. Is g/(-4) + (-4)/((-32)/7166) prime?
False
Suppose -2*o + 2*y = -4194, -3*o + 2*y + 4118 = -2175. Is o composite?
False
Suppose -7*n + 3*g = -3*n - 374, 287 = 3*n + g. Let v = -49 + n. Is v a prime number?
False
Let m(u) = u**3 - 8*u**2 + 9*u - 10. Let h be m(7). Suppose 0 = -3*r + h - 1. Suppose 3*p - 1862 = -5*q, p - r = 2*p. Is q prime?
True
Suppose -31 = -n + 119. Suppose -v + 377 = -4*x, -4*x - 524 = 2*v - n. Let a = -48 - x. Is a composite?
True
Let v = 81 - 76. Suppose -2*l - 1 = -v, -f + l = -1845. Is f a prime number?
True
Suppose -3*l = 2*l + 2685. Suppose -3*w = -b + 687, -2*w - 1125 = 3*w + 5*b. Let y = w - l. Is y a prime number?
False
Let n(o) = -2*o**3 + 35*o**2 - 4*o - 37. Is n(16) a prime number?
False
Let b(q) = -65*q + 1. Let l be b(-2). Suppose -2*r = j - 5*j + 512, -2*j + 264 = 3*r. Suppose 2*o + l = 4*i + o, 4*i - 3*o - j = 0. Is i a composite number?
True
Let f = -1981 - -5544. Is f a prime number?
False
Let q(g) be the first derivative of -g**2 + 7*g + 5. Let b be q(3). Is 1*(b + -2) - -188 a composite number?
True
Let a(z) = 6003*z + 14. Is a(5) composite?
False
Let x = 24 + -21. Suppose -4*p + 72 = -x*i - 71, -4*i = -2*p + 64. Is p a composite number?
True
Let s(r) = r**2 - r - 2. Let z be s(3). Suppose -5 = -z*a + 3, -2*a = -3*w + 8813. Is w prime?
True
Suppose 0 = -c - 3*g + 5 + 4, -5*c + 2*g = 6. Is 5 + 736 - -4*(c - 1) prime?
False
Let m be 126/(-4) - 6/12. Let p = -28 - m. Suppose -160 = -2*h + r - p*r, -4*h = r - 330. Is h a composite number?
False
Suppose s = -0*g + 4*g + 31, -4*s = -5*g - 25. Let j(w) = 7*w - 96*w - 1 - 3. Is j(g) a prime number?
True
Suppose 0 = 13*x - 8*x + 3575. Let k = -437 - x. Is k a prime number?
False
Let t(p) =